{"id":565,"date":"2019-07-22T08:16:39","date_gmt":"2019-07-22T08:16:39","guid":{"rendered":"https:\/\/karapici-associates.com\/index.php\/trademarks-service-marks\/"},"modified":"2021-06-28T08:15:20","modified_gmt":"2021-06-28T08:15:20","slug":"markat-tregtare-dhe-markat-e-sherbimit","status":"publish","type":"page","link":"https:\/\/karapici-associates.com\/index.php\/markat-tregtare-dhe-markat-e-sherbimit\/?lang=sq","title":{"rendered":"MARKAT TREGTARE DHE MARKAT E SH\u00cbRBIMIT"},"content":{"rendered":"<div class=\"wpb-content-wrapper\"><p>[vc_row][vc_column width=&#8221;1\/2&#8243;][vc_single_image image=&#8221;176&#8243; img_size=&#8221;full&#8221; alignment=&#8221;center&#8221; style=&#8221;vc_box_shadow_border&#8221; image_hovers=&#8221;false&#8221;][\/vc_column][vc_column width=&#8221;1\/2&#8243;][vc_custom_heading text=&#8221;Ne ofrojm\u00eb me kompetenc\u00eb konsulenc\u00eb p\u00ebr bizneset n\u00eb lidhje me regjistrimin e markave t\u00eb tyre tregtare brenda dhe jasht\u00eb vendit&#8221; font_container=&#8221;tag:p|font_size:20|text_align:left|color:%23333333&#8243; google_fonts=&#8221;font_family:Roboto%3A100%2C100italic%2C300%2C300italic%2Cregular%2Citalic%2C500%2C500italic%2C700%2C700italic%2C900%2C900italic|font_style:400%20regular%3A400%3Anormal&#8221;][vc_custom_heading text=&#8221;Sh\u00ebrbimet tona n\u00eb lidhje me markat\/brandet tregtare mbulojn\u00eb:&#8221; font_container=&#8221;tag:p|font_size:20|text_align:left|color:%23333333&#8243; google_fonts=&#8221;font_family:Roboto%3A100%2C100italic%2C300%2C300italic%2Cregular%2Citalic%2C500%2C500italic%2C700%2C700italic%2C900%2C900italic|font_style:400%20regular%3A400%3Anormal&#8221;][vc_empty_space height=&#8221;22px&#8221;]<div class=\"standard-arrow bullet-top\"><ul>\n<li><span style=\"color: #000000;\">K\u00ebrkime n\u00ebse ekziston nj\u00eb mark\u00eb tregtare e regjistruar m\u00eb par\u00eb dhe konsulenc\u00eb ligjore rreth shanseve tuaja t\u00eb suksesit n\u00eb lidhje me aplikimin e markes tuaj.<\/span><\/li>\n<li><span style=\"color: #000000;\"> Regjistrim i markave tregtare n\u00eb Shqip\u00ebri dhe jasht\u00eb Shqip\u00ebris\u00eb.<\/span><\/li>\n<li style=\"font-weight: 400;\" aria-level=\"1\"><span style=\"color: #000000;\"> P\u00ebrfaq\u00ebsim n\u00eb Dhomen per Shfuqizim si dhe ne Bordin e Apelit t\u00eb DPPI n\u00eb lidhje me kund\u00ebrshtime t\u00eb mund\u00ebshme p\u00ebr aplikime t\u00eb markave identike ose t\u00eb ngjashme.<\/span><\/li>\n<\/ul>\n<\/div>[\/vc_column][\/vc_row]<\/p>\n<\/div>","protected":false},"excerpt":{"rendered":"<p>[vc_row][vc_column width=&#8221;1\/2&#8243;][vc_single_image image=&#8221;176&#8243; img_size=&#8221;full&#8221; alignment=&#8221;center&#8221; style=&#8221;vc_box_shadow_border&#8221; image_hovers=&#8221;false&#8221;][\/vc_column][vc_column width=&#8221;1\/2&#8243;][vc_custom_heading text=&#8221;Ne ofrojm\u00eb me kompetenc\u00eb konsulenc\u00eb p\u00ebr bizneset n\u00eb lidhje me regjistrimin e markave t\u00eb tyre tregtare brenda dhe jasht\u00eb vendit&#8221; font_container=&#8221;tag:p|font_size:20|text_align:left|color:%23333333&#8243; google_fonts=&#8221;font_family:Roboto%3A100%2C100italic%2C300%2C300italic%2Cregular%2Citalic%2C500%2C500italic%2C700%2C700italic%2C900%2C900italic|font_style:400%20regular%3A400%3Anormal&#8221;][vc_custom_heading text=&#8221;Sh\u00ebrbimet tona n\u00eb lidhje me markat\/brandet tregtare mbulojn\u00eb:&#8221; font_container=&#8221;tag:p|font_size:20|text_align:left|color:%23333333&#8243; google_fonts=&#8221;font_family:Roboto%3A100%2C100italic%2C300%2C300italic%2Cregular%2Citalic%2C500%2C500italic%2C700%2C700italic%2C900%2C900italic|font_style:400%20regular%3A400%3Anormal&#8221;][vc_empty_space height=&#8221;22px&#8221;][\/vc_column][\/vc_row]<\/p>\n","protected":false},"author":3,"featured_media":0,"parent":0,"menu_order":0,"comment_status":"closed","ping_status":"closed","template":"","meta":{"footnotes":""},"class_list":["post-565","page","type-page","status-publish","hentry","description-off"],"_links":{"self":[{"href":"https:\/\/karapici-associates.com\/index.php\/wp-json\/wp\/v2\/pages\/565","targetHints":{"allow":["GET"]}}],"collection":[{"href":"https:\/\/karapici-associates.com\/index.php\/wp-json\/wp\/v2\/pages"}],"about":[{"href":"https:\/\/karapici-associates.com\/index.php\/wp-json\/wp\/v2\/types\/page"}],"author":[{"embeddable":true,"href":"https:\/\/karapici-associates.com\/index.php\/wp-json\/wp\/v2\/users\/3"}],"replies":[{"embeddable":true,"href":"https:\/\/karapici-associates.com\/index.php\/wp-json\/wp\/v2\/comments?post=565"}],"version-history":[{"count":6,"href":"https:\/\/karapici-associates.com\/index.php\/wp-json\/wp\/v2\/pages\/565\/revisions"}],"predecessor-version":[{"id":664,"href":"https:\/\/karapici-associates.com\/index.php\/wp-json\/wp\/v2\/pages\/565\/revisions\/664"}],"wp:attachment":[{"href":"https:\/\/karapici-associates.com\/index.php\/wp-json\/wp\/v2\/media?parent=565"}],"curies":[{"name":"wp","href":"https:\/\/api.w.org\/{rel}","templated":true}]}}